53
List the prime factors of 5443390.
2, 5, 179, 3041
List the prime factors of 15729389.
13, 67, 18059
What are the prime factors of 6778010?
2, 5, 149, 4549
What are the prime factors of 1284319?
71, 18089
List the prime factors of 25071659.
19, 1319561
What are the prime factors of 4177585?
5, 61, 13697
What are the prime factors of 67146?
2, 3, 19, 31
What are the prime factors of 5078412?
2, 3, 141067
List the prime factors of 1064524.
2, 41, 6491
What are the prime factors of 2534875?
5, 7, 2897
What are the prime factors of 7365480?
2, 3, 5, 61379
What are the prime factors of 3932328?
2, 3, 163847
What are the prime factors of 29443936?
2, 920123
List the prime factors of 3242078.
2, 7, 367, 631
List the prime factors of 4380450.
2, 3, 5, 19, 29, 53
What are the prime factors of 137786?
2, 11, 6263
What are the prime factors of 22712928?
2, 3, 7, 73, 463
List the prime factors of 2543185.
5, 508637
List the prime factors of 1356036.
2, 3, 11, 10273
What are the prime factors of 7132?
2, 1783
List the prime factors of 3779575.
5, 19, 73, 109
List the prime factors of 178616.
2, 83, 269
List the prime factors of 488841.
3, 162947
List the prime factors of 2933090.
2, 5, 131, 2239
What are the prime factors of 116790?
2, 3, 5, 17, 229
What are the prime factors of 103883?
13, 61, 131
What are the prime factors of 15321029?
17, 43, 20959
What are the prime factors of 49502?
2, 53, 467
List the prime factors of 728563.
11, 107, 619
What are the prime factors of 5280592?
2, 330037
List the prime factors of 479749.
479749
List the prime factors of 1256344.
2, 97, 1619
List the prime factors of 212539.
257, 827
List the prime factors of 385939.
385939
What are the prime factors of 2418489?
3, 268721
List the prime factors of 11978759.
13, 19, 48497
What are the prime factors of 635304?
2, 3, 103, 257
List the prime factors of 786389.
643, 1223
List the prime factors of 1984024.
2, 7, 71, 499
List the prime factors of 825396.
2, 3, 11, 13, 37
What are the prime factors of 18593598?
2, 3, 79, 39227
What are the prime factors of 1200097?
19, 83, 761
List the prime factors of 79818.
2, 3, 53, 251
List the prime factors of 366015.
3, 5, 13, 1877
List the prime factors of 549120.
2, 3, 5, 11, 13
List the prime factors of 10259168.
2, 523, 613
List the prime factors of 1184273.
29, 97, 421
What are the prime factors of 3177545?
5, 7, 90787
List the prime factors of 10706425.
5, 241, 1777
What are the prime factors of 27450?
2, 3, 5, 61
What are the prime factors of 4919821?
29, 169649
What are the prime factors of 872527?
389, 2243
What are the prime factors of 11905793?
113, 105361
What are the prime factors of 2789138?
2, 11, 97, 1307
List the prime factors of 236828.
2, 59207
List the prime factors of 17110993.
17, 823, 1223
List the prime factors of 360689.
7, 17, 433
List the prime factors of 3659461.
13, 23, 12239
What are the prime factors of 344592?
2, 3, 2393
What are the prime factors of 690603?
3, 211, 1091
List the prime factors of 3128718.
2, 3, 257, 2029
What are the prime factors of 233661?
3, 71, 1097
List the prime factors of 26455497.
3, 23, 127, 3019
List the prime factors of 234130.
2, 5, 13, 1801
What are the prime factors of 9248135?
5, 13, 79, 1801
List the prime factors of 20794960.
2, 5, 259937
What are the prime factors of 8366541?
3, 97, 28751
List the prime factors of 6050766.
2, 3, 31, 32531
What are the prime factors of 21572628?
2, 3, 7, 11, 37, 631
List the prime factors of 859285.
5, 7, 24551
List the prime factors of 1801315.
5, 313, 1151
List the prime factors of 2777157.
3, 308573
What are the prime factors of 6325715?
5, 11, 115013
What are the prime factors of 5075999?
5075999
What are the prime factors of 549249?
3, 223, 821
List the prime factors of 854074.
2, 13, 107, 307
List the prime factors of 1199978.
2, 13, 46153
List the prime factors of 53366.
2, 26683
List the prime factors of 4503731.
4503731
What are the prime factors of 31005189?
3, 3445021
List the prime factors of 34489.
7, 13, 379
List the prime factors of 545282.
2, 103, 2647
What are the prime factors of 16347307?
59, 277073
List the prime factors of 23479623.
3, 2608847
What are the prime factors of 155111?
11, 59, 239
What are the prime factors of 3636135?
3, 5, 80803
What are the prime factors of 1462033?
1462033
List the prime factors of 3056111.
3056111
What are the prime factors of 1752782?
2, 587, 1493
What are the prime factors of 59060?
2, 5, 2953
List the prime factors of 423177.
3, 23, 6133
List the prime factors of 181995.
3, 5, 11, 1103
List the prime factors of 5961952.
2, 186311
List the prime factors of 804814.
2, 17, 23671
What are the prime factors of 11826245?
5, 41, 57689
List the prime factors of 18507770.
2, 5, 37, 50021
What are the prime factors of 955217?
955217
List the prime factors of 28502.
2, 14251
What are the prime factors of 9244413?
3, 17, 23, 37, 71
What are the prime factors of 7339900?
2, 5, 29, 2531
List the prime factors of 1224839.
7, 11, 15907
List the prime factors of 8042204.
2, 43, 46757
List the prime factors of 32974.
2, 16487
List the prime factors of 2781420.
2, 3, 5, 151, 307
List the prime factors of 2938635.
3, 5, 7, 19, 491
What are the prime factors of 6758824?
2, 167, 5059
What are the prime factors of 35623737?
3, 43, 92051
What are the prime factors of 4982958?
2, 3, 10253
List the prime factors of 1271105.
5, 11, 191
List the prime factors of 1580145.
3, 5, 7, 101, 149
What are the prime factors of 147117?
3, 19, 29, 89
List the prime factors of 2874067.
7, 59, 6959
List the prime factors of 10060818.
2, 3, 37, 45319
What are the prime factors of 96840?
2, 3, 5, 269
List the prime factors of 3260779.
23, 141773
List the prime factors of 1851237.
3, 53, 3881
What are the prime factors of 2179694?
2, 11, 9007
List the prime factors of 11070143.
7, 1581449
What are the prime factors of 22004724?
2, 3, 7, 37423
What are the prime factors of 2708022?
2, 3, 451337
List the prime factors of 133655.
5, 26731
What are the prime factors of 13761759?
3, 11, 417023
List the prime factors of 37303026.
2, 3, 467, 13313
What are the prime factors of 16802012?
2, 1951, 2153
What are the prime factors of 5565737?
5565737
List the prime factors of 6973342.
2, 19, 183509
List the prime factors of 713692.
2, 7, 71, 359
What are the prime factors of 2562194?
2, 1281097
What are the prime factors of 20853087?
3, 6951029
What are the prime factors of 78708?
2, 3, 7, 937
What are the prime factors of 335059?
103, 3253
List the prime factors of 463929.
3, 154643
What are the prime factors of 8617817?
13, 50993
List the prime factors of 458169.
3, 152723
List the prime factors of 22789185.
3, 5, 31, 49009
List the prime factors of 28254569.
7, 37, 43, 59
List the prime factors of 3368929.
41, 127, 647
List the prime factors of 4049694.
2, 3, 11, 113, 181
What are the prime factors of 18925437?
3, 17, 371087
List the prime factors of 383849.
47, 8167
What are the prime factors of 112264?
2, 14033
What are the prime factors of 3503554?
2, 43, 40739
List the prime factors of 439190.
2, 5, 37, 1187
What are the prime factors of 2703855?
3, 5, 7, 11, 2341
What are the prime factors of 10683416?
2, 967, 1381
What are the prime factors of 5983726?
2, 7, 23, 18583
List the prime factors of 67960.
2, 5, 1699
List the prime factors of 36008944.
2, 2250559
List the prime factors of 291309.
3, 97103
List the prime factors of 263834.
2, 19, 53, 131
List the prime factors of 859020.
2, 3, 5, 103, 139
List the prime factors of 29819407.
29819407
List the prime factors of 2600614.
2, 1300307
What are the prime factors of 3481366?
2, 7, 43, 5783
List the prime factors of 649576.
2, 81197
List the prime factors of 168699.
3, 53, 1061
List the prime factors of 2043072.
2, 3, 3547
What are the prime factors of 140667?
3, 46889
What are the prime factors of 2341229?
11, 1759
What are the prime factors of 32035?
5, 43, 149
List the prime factors of 182933.
182933
List the prime factors of 448898.
2, 224449
List the prime factors of 3050503.
101, 30203
What are the prime factors of 706825?
5, 7, 577
What are the prime factors of 221172?
2, 3, 7, 2633
List the prime factors of 939865.
5, 187973
What are the prime factors of 1216812